*w - 6 = -5*w + 3*a. Suppose -5*u + 4*v + 255 = w, -4*u + 225 + 10 = 3*v. Calculate the greatest common divisor of u and 99.
11
Let n = 19 - 25. Let j(k) = k**3 + 6*k**2 - 2*k - 4. Let o be j(n). Let a be (-17 + 83)*(-2)/o*-6. What is the greatest common divisor of 9 and a?
9
Let n be (320/72)/(-10) + 2804/(-9). Let c = n - -358. Calculate the greatest common divisor of 46 and c.
46
Suppose 15*j = -131*j + 7884. Let l = -269 + 401. Let a be l/21 + 6/(-21). Calculate the greatest common divisor of j and a.
6
Let n(d) = d**3 + 37*d**2 + 287*d + 80. Let s be n(-20). Calculate the greatest common divisor of s and 19.
19
Let v be 2/((-8)/231)*(-142 - 2). Calculate the highest common factor of 44 and v.
44
Let d(a) = a**3 - 8*a**2 - 9*a - 1. Let b be d(9). Let j be 1/(b + (-125)/(-124)). Let z be (-2)/3 + j/6. Calculate the greatest common factor of z and 180.
20
Let w(l) = -464*l + 206. Let r be w(-11). Suppose -r = -14*i - i. Calculate the highest common divisor of i and 6.
6
Let i be 13/(95 + 9) + 4316/32. What is the highest common factor of i and 3942?
27
Suppose 3*y = y + 16. Let n(i) = 12*i + 9. Let x be n(y). Suppose -7*m + 2*m - 3*d + 69 = 0, 83 = 5*m - 4*d. Calculate the greatest common divisor of m and x.
15
Let b = 22 - 40. Let a = 38 + b. Let c be (-30)/(-18) + 6 + (-4616)/(-24). What is the greatest common divisor of a and c?
20
Let b(t) = -t**2 - 15*t + 68. Let p be b(-10). Let w = 271 - p. What is the greatest common divisor of 9 and w?
9
Let v(w) be the first derivative of w**3/3 - 29*w**2/2 + 82*w - 101. Let r be v(26). What is the highest common factor of 64 and r?
4
Suppose 0 = 2*k + 4*m - 2*m - 28, 0 = k - 5*m + 10. Let i be (-135)/(2 - (17 + -3)*(-4)/(-16)). Calculate the highest common divisor of k and i.
10
Suppose z + 2*k + 28 = 53, -132 = -5*z - 3*k. Calculate the highest common factor of 15 and z.
3
Suppose 5*o = -0*o - 3*s + 46, 4*s + 67 = 5*o. Suppose 12*w - 100 = -12*w + 2276. What is the greatest common factor of o and w?
11
Let h(u) be the second derivative of -49*u**3/6 + 97*u**2/2 + 13*u + 4. Let r be h(-7). What is the highest common divisor of r and 40?
40
Let b(w) = -12*w + 191. Let c be b(5). Let o = -113 + c. Calculate the highest common divisor of o and 9.
9
Let y be (35 + -35)/(-1 - -2). Suppose y = -8*r + 75 - 11. Calculate the highest common factor of r and 152.
8
Let u = 12180 - 12154. Suppose -2*z = -y - 22, 3*y = 6*z - 5*z - 1. What is the highest common divisor of u and z?
13
Suppose -2*z = 5*z - 504. Suppose 65*i = z*i - 4375. Calculate the highest common factor of 25 and i.
25
Suppose 135*h - 3 = 134*h. Suppose 3*g = 5*g - 84. Suppose 3*b - 39 = g. What is the greatest common factor of b and h?
3
Let l = 1990 - 1955. Let g(n) = -n**3 + 16*n**2 + 22*n - 40. Let j be g(17). What is the greatest common divisor of j and l?
5
Let m(q) = 6*q**2 + 72*q - 926. Let w be m(21). Calculate the greatest common divisor of w and 128.
32
Suppose -4*k + 6 = -14. Suppose -5*i = -i. Suppose -4*t = -i*t - 200. Calculate the highest common divisor of k and t.
5
Let c = 270 + -7. Let r be (-3)/(-4) - (c/4 - 2). Let w = r - -127. What is the greatest common factor of 16 and w?
16
Let c = 118 - 102. Suppose -c*x + 240 = -8*x. Calculate the highest common divisor of x and 6.
6
Let y = 24326 - 16521. What is the greatest common factor of y and 35?
35
Let b(m) = 88*m**2 + 49*m + 96. Let o be b(-2). What is the greatest common divisor of 280 and o?
70
Suppose 4*g + 28056 = -64*d + 68*d, 7014 = d - 5*g. Calculate the greatest common factor of d and 42.
42
Let j be 434*((-2)/6)/(15 + (-8170)/540). Calculate the greatest common divisor of 248 and j.
124
Suppose -9*c = -30*c + 50 + 55. Calculate the greatest common divisor of 485 and c.
5
Let o be (-4359006)/(-5589) + 4/54. What is the highest common factor of 270 and o?
30
Suppose 402 = 302*z - 300*z. What is the greatest common factor of z and 4087?
67
Suppose -3*p - 6*y = -4155 - 4158, 4*p = y + 11039. What is the highest common divisor of 11 and p?
11
Let o = -8595 - -9292. What is the greatest common factor of 492 and o?
41
Let v = -9 + 23. Let f(l) = 10*l**2 + 1493*l + 461. Let a be f(-149). What is the greatest common factor of v and a?
14
Let g be (196/(-8))/7*-12. Let z be (-2)/7 - (-54)/g. Let h be z/((-4)/(-28))*3. What is the greatest common divisor of 63 and h?
21
Let l(n) = 2*n**2 + 3*n + 13. Suppose 0 = -5*r - 2*j + 32, -2*j = 4*r - 4*j - 40. Let x be l(r). Calculate the highest common factor of x and 33.
33
Suppose -2*r = f - 77, 9*f - 4*r = 7*f + 170. Calculate the highest common factor of f and 171.
9
Suppose -40*n + 44*n = -q + 160, -5*n + 3*q + 200 = 0. Calculate the highest common divisor of 10680 and n.
40
Suppose -4*v + 600 = -4*h, 3*v - 4*h = -9*h + 418. Let g = v - 126. Calculate the highest common divisor of 50 and g.
10
Let a(j) = -17*j + 1950. Let z be a(48). Calculate the greatest common factor of 42 and z.
42
Suppose 0 = 8*b - 20 - 20. Suppose 2*y - 68 = -5*r + 90, b*y - 123 = -4*r. Let w be (-4)/(r/(-12))*2 - -75. What is the greatest common divisor of 117 and w?
39
Suppose -3*s + 346 = 4*m, 0 = -3*s - m - 130 + 491. Suppose -40*y + 44*y + 84 = 2*h, -2*y - s = -3*h. Calculate the highest common factor of h and 520.
40
Suppose 17*y + 8957 - 74720 = 16551. Calculate the highest common divisor of y and 6.
6
Let h be (-422)/(-22) + -3 + -11 + 595/55. What is the greatest common divisor of h and 408?
8
Let a(q) = -4*q**2 - 227*q - 1434. Let h be a(-46). Calculate the greatest common divisor of h and 1744.
16
Suppose -5*m - 2*z - 3 = 4, 5*z + 1 = 4*m. Let a be m*1/2*-158. Let p = -72 + a. Calculate the greatest common factor of p and 77.
7
Let r(m) = -12*m - 84. Let n be r(-7). Suppose b - 4*o - 163 = n, 0 = 3*b - 2*o - 217 - 292. What is the greatest common divisor of b and 95?
19
Let u be (-3 - 2/2) + (-16)/(-2). Suppose 5*q + a = u*q + 122, q - a = 112. Calculate the highest common divisor of 13 and q.
13
Let t(p) = -96*p**2 - 6*p - 4. Let q be t(-1). Let s = q + 170. Calculate the greatest common divisor of 114 and s.
38
Let g(l) = 6*l - 6. Let u be g(7). Let k be ((-216)/(-10))/(-3*(-2)/90). Suppose -k = 16*t - 25*t. Calculate the highest common factor of u and t.
36
Let r be 21/6*28/49. Suppose r*o = -2*t + 30, -5*o = -4*t + 24 - 72. Suppose 2*k - 417 = -2*k - 5*n, -3 = n. What is the highest common divisor of o and k?
12
Let p(x) = x**2 + 108*x + 426. Let k be p(-4). What is the greatest common factor of 290 and k?
10
Let i(m) = -23*m - 52. Let b be i(-5). Let z be (96/56)/(6/b). Let j = 337 - 175. What is the greatest common factor of j and z?
18
Let b(z) = 10*z + 64. Let t be b(-4). Suppose 21*f - 18*f - t = 0. Calculate the greatest common divisor of f and 12.
4
Let t be 4492/14*(-66976)/(-1472). What is the greatest common factor of t and 13?
13
Let m(y) = -y**2 - 6*y - 1. Let j be m(-5). Let f be (-44)/(-16)*-1 + (-1)/j. Let d be ((-5)/(-5) + f)*-49. What is the highest common factor of 14 and d?
14
Let j = -322 - -192. Let s = -118 - j. Let q(y) = 2*y**3. Let m be q(2). Calculate the greatest common factor of m and s.
4
Let r(k) = 41*k**2 + 58*k - 99. Let q be r(28). What is the greatest common factor of q and 522?
261
Let o(t) = 2*t**2 + 5*t + 10. Let f be o(10). Let k = -7072 + 7124. What is the greatest common factor of k and f?
52
Let l = -3 + 26. Suppose 29*a - 744 = l*a. What is the greatest common divisor of 31 and a?
31
Let i = -718 + 720. Suppose 2*f = i*p + 367 + 91, -f = -4*p - 238. Calculate the greatest common divisor of f and 565.
113
Suppose -315 = 139*a - 146*a. Suppose -7*s + 54 + 191 = 0. Let c = -20 + s. What is the highest common divisor of c and a?
15
Suppose 289 = 68*n - 51*n. Suppose 8*o + 425 = 9*o. Calculate the highest common divisor of o and n.
17
Let a(m) = m**2 + 374*m - 2657. Let t be a(7). Suppose 5*y - 272 = v - 4*v, -4*v - 4 = 0. Calculate the greatest common factor of y and t.
5
Suppose 0 = -3*s + g + 624, -4*s - 2*g + 0*g = -832. Calculate the highest common factor of s and 611.
13
Suppose 51 = -l + 5*y - 0*y, 2*y = 2*l + 110. Let f be 544/14 - (48/l)/6. Calculate the greatest common divisor of 78 and f.
39
Suppose 0 = 242*u - 289*u - 1 + 377. What is the highest common divisor of u and 6480?
8
Let f = -80